t). Let o(d) = -4*d - 1. Give o(w).
3
Let m(o) be the first derivative of -o**2 - 5*o - 6. What is m(-6)?
7
Let h(u) = -2*u - 786 + 786. Determine h(4).
-8
Suppose 5*s = 1 + 14. Let b(t) = 8*t + 4*t**2 + 4*t**3 + t**3 - 6 - 4*t**3 - 2*t**s. Determine b(5).
9
Let p(r) be the first derivative of 2 + 3*r - 3/2*r**2 + 2/3*r**3. Suppose 0 = 5*b + 2*k - 10, 2*b + k - 3 = 1. Determine p(b).
5
Let r be -2*(-1)/(-3)*3. Let w(u) = -u**3 + 0 - 6 + u + 4. Give w(r).
4
Let f(n) = n**2 + 2*n + 1. Suppose -4*p = 3 - 11, 3*v + 3*p - 3 = 0. What is f(v)?
0
Let j = -1/8 - -5/8. Let x(g) be the first derivative of -j*g**2 + 1 - 5*g. Give x(-3).
-2
Let k(h) = -h**2 + 8*h + 1. Let f(y) = -y**2 + 9*y + 1. Let o(n) = -3*f(n) + 4*k(n). Let m be o(4). Let r(d) = -d**3 + 5*d**2 + d. What is r(m)?
5
Let p(j) = -j**2 - j. Let q(y) = 7*y**2 + 11*y + 6. Let x(i) = -6*p(i) - q(i). Give x(-5).
-6
Let q(t) = -6*t - 3. Let j(w) = 12*w + 6. Let s(v) = 6*j(v) + 13*q(v). Calculate s(-2).
9
Let o = -5 + 9. Let v(m) = -3*m - o*m**3 + 7*m - m**3 + 1 - 5*m**2 + 6*m**3. What is v(3)?
-5
Let c = 11 + -7. Let n(v) = 3*v + 2*v - c*v + 2. Suppose 3*z + 8 = z. Determine n(z).
-2
Let n(j) = -4*j + 2. Suppose 3*a = -a + 4*t + 36, -5*a - 2*t = -10. Give n(a).
-14
Suppose 4 - 13 = -3*h. Let f be h/(18/8)*-3. Let r(t) = -2*t - 6. Let o be r(f). Let g(j) = -j**2 + 5*j - 1. Calculate g(o).
5
Suppose 0 = -3*q + 9. Let v(z) = -z**2 + 2*z. Give v(q).
-3
Suppose -9 = 2*m - 17. Let n(q) = 4*q + 2. Determine n(m).
18
Let o(g) = -g**2 + 2*g - 4. Suppose -u = 4*x, -18 = -4*u - u - 2*x. Calculate o(u).
-12
Let c be 5*-2*1/(-5). Suppose w + c*w = 6. Let p(k) = w*k - k**3 + 0 - 1 - 5*k**3. Calculate p(1).
-5
Let x(y) = 7*y**2 - 15*y - 1. Let f(g) = -3*g**2 + 7*g + 1. Let t(a) = 5*f(a) + 2*x(a). What is t(6)?
-3
Suppose -2*a + 47 = -c, -a + 6 = 2*c - 20. Let j = a - 25. Let p(v) = -7*v - 1. Calculate p(j).
6
Let x(c) = -c + 1. Let j(v) = 4*v - 10. Let r(m) = j(m) + 2*x(m). Let s(t) = -t + 4. Let h(f) = 2*r(f) + 5*s(f). Give h(3).
1
Let i(f) be the first derivative of f**3/3 - 3*f**2/2 - f + 1. Let r = 42 + -39. Determine i(r).
-1
Let t be 0/(2 + 1 - 1). Let b(a) be the first derivative of 1/3*a**3 + 1 - 5*a + 1/2*a**2. Calculate b(t).
-5
Let g(r) = 3*r**2. Let y be g(1). Let a(d) = -d - 3. Calculate a(y).
-6
Let d be 1/2*2*6. Suppose 0 = 4*q - o - d - 10, -2*q - 3*o = -22. Let u(z) = -3*z - 12*z**2 - 3 + 8*z**2 + 5*z**2 + 3 - 3. Give u(q).
7
Let k(h) = h**2 - 1 - 5 - 3 + h**3 + 11. Determine k(0).
2
Let v(x) = x**3 - 11*x**2 + 12*x - 15. Let g be v(10). Let m(i) = 2 + i - g - 7*i**2 - 9*i - i**3. Suppose 0 = 4*r - r, -24 = 4*h + 2*r. Give m(h).
9
Let r(u) = u**2 - 9*u + 4. Let l be r(9). Let h(x) = x**2 - 3*x + 2. What is h(l)?
6
Let b(z) = 6*z + 8*z**2 - 6 + z**3 + 5 + 4. What is b(-7)?
10
Let l(x) = -x**3 - 5*x**2 - 4*x - 4. Let y(n) = -4*n**2 + 3*n - 3. Let d(u) = 7*u**2 - 5*u + 5. Let t(o) = -3*d(o) - 5*y(o). Let k be t(-2). Determine l(k).
-4
Let z(j) be the third derivative of j**6/120 + 7*j**5/60 + j**4/4 + j**3/6 - 6*j**2. Give z(-6).
1
Let g(x) = -x**2 + 4*x. Let m = -16 + 5. Let q be m/(-2) - 6/4. Give g(q).
0
Let t(n) be the second derivative of 0 - 1/12*n**4 - 5*n + 0*n**3 - 1/2*n**2. Determine t(1).
-2
Let l be ((-8)/(-6))/(4/6). Let a be (1 + 0)/(l/12). Let k(s) = -2*s**2 - 9 - s**2 + a + s - s**3. Calculate k(-3).
-6
Let q(f) = -2*f + 7. Let z(o) = -o + 3. Let u(k) = -6*q(k) + 14*z(k). Determine u(3).
-6
Suppose -w = -5*w. Suppose -6 = u - 4*u. Let j = w - u. Let k(c) = c**2 - c - 2. Give k(j).
4
Let g(t) = -t + 4. Suppose 4*p - 291 = p. Suppose -79 = 3*b - 4*h, -2*b - 2*b - 3*h - p = 0. Let v be 1*-2 + b/(-5). Calculate g(v).
1
Let j(v) = 5*v**2 + 1. Let k(l) = l**2 + l - 8. Let s be k(0). Let t = s - -7. What is j(t)?
6
Let r(a) = -9*a + 16. Let g(h) = -2*h + 2. Let j(k) = 5*g(k) - r(k). Let y(x) = x - 2. Let f be y(-5). Calculate j(f).
1
Let i(c) = -20*c. Let t(f) = -5*f. Let v(k) = -4*i(k) + 15*t(k). Let s(n) = -n**2 - 6*n + 2. Let p be s(-6). Suppose 0*l + l - p = 3*q, 10 = 5*l - q. Give v(l).
10
Let q(i) be the third derivative of 1/60*i**5 - 1/120*i**6 - i**2 + 0*i**4 + 0*i**3 + 0*i + 0. Suppose 2*v = v + 5*f - 19, 2*v = 2*f - 6. Give q(v).
0
Let q(d) = 6*d + 3. Let y(s) = 5*s + 3. Let r(m) = 6*q(m) - 7*y(m). Give r(6).
3
Let m(g) = -3*g + 1. Suppose 3*r - 16 + 1 = 0. Suppose r*i - 3 = 2*i. Determine m(i).
-2
Let m(s) = 5*s**3 - 8*s**2 - s + 4. Let c(a) = -6*a**3 + 9*a**2 - 5. Let j(u) = 4*c(u) + 5*m(u). Let g be j(5). Let b(z) = -z**2 - 8. Calculate b(g).
-8
Let b(w) = -6 + 2*w + 2 + 2 - 2. Determine b(-4).
-12
Let i(u) = -19*u + 11*u + 7*u. What is i(-4)?
4
Suppose -3*r + 6 = -r. Suppose 12 = 2*l - 4*i + 2, 2*l + r*i = -25. Let p(t) = -5*t + 0*t + t - t**3 + 3 - 6*t**2. What is p(l)?
-2
Let f(m) = 6*m**2 - 2*m + 7. Let x(j) = 7*j**2 - 2*j + 8. Let b(s) = -5*f(s) + 4*x(s). Let z = 6 + -4. Calculate b(z).
-7
Let w(h) = -17*h + 3. Let i(x) = 26*x - 5. Let s(o) = o + 21. Let a be s(-16). Let z(y) = a*i(y) + 8*w(y). What is z(1)?
-7
Let r(m) = 10*m**2 + 7*m + 1. Let t(d) = d**2 + d. Let l(i) = r(i) - 5*t(i). Give l(-1).
4
Let x(p) = p**2 + 14*p - 6. Let c(j) = j**2 + 15*j - 5. Let w(l) = 5*c(l) - 6*x(l). Determine w(-8).
19
Let m(k) = -k**3 + k - 8. Suppose 2*t + 2*z + 8 = 4*z, 3*z = 15. Let r be (-1*t)/(1 - 2). Let h be (1 - r) + (-2 - -2). Calculate m(h).
-8
Let t(u) = u**3 - u**2 - 2*u + 1. Let j(x) = x**3. Let f(c) = j(c) + t(c). Suppose 0 = -3*p + 7 - 1. Calculate f(p).
9
Let o(b) be the second derivative of -b**6/360 - b**5/40 + b**4/4 - 3*b. Let i(q) be the third derivative of o(q). Give i(3).
-9
Let w(d) = d**2 + 10*d - 6. Let v be w(-11). Suppose o - a + 20 = 4*o, v*a + 26 = 3*o. Let q(j) = j**3 - 8*j**2 + 7*j + 6. Calculate q(o).
6
Let s(w) = w**2 - 2*w + 3. Let y = 61 - 43. Let h = 25 - y. Suppose -n - 2*n + h = 2*t, t + 13 = 4*n. Give s(n).
6
Let u(h) = -1 + h**3 - 2 - 3 + h**2 + 4*h**2. Let b = 2 + -7. Give u(b).
-6
Let p(z) be the third derivative of 7/24*z**4 + z**2 + 0*z + 1/2*z**3 + 1/60*z**5 + 0. Calculate p(-5).
-7
Let b(o) = o - 3. Let t be b(4). Let s(d) = -5*d - d**3 - 2*d**3 + 2*d**3 - 5*d**2 + t. Suppose -m = -3*u - 8, 0*u - 2*u = -2*m. Determine s(m).
5
Let n be ((-1)/(-5))/((-3)/(-15)). Suppose 5*r - 9 - n = 0. Let w(o) = -4*o + 0*o**2 + o**2 + 4 + 0 + r*o. Determine w(3).
7
Let o(w) be the first derivative of -w**3/3 - 3*w**2/2 + 2*w - 2. Let j = 4 + -2. Suppose -q + 8 = 5*u, -5*u + q - j = -14. Determine o(u).
-8
Let t be (2/(-3))/(10/15). Let w(c) = -c - 3. Let r(f) = f + 1. Let h(i) = t*w(i) - 2*r(i). Suppose 1 - 5 = -l. Determine h(l).
-3
Suppose v + 2*h = 13, -22 = v - 5*v - 2*h. Let k(y) = -3*y - y + v*y. Let n(w) = -w**3 + 4*w**2 - 5*w + 3. Let j be n(3). Calculate k(j).
3
Let r(w) be the second derivative of w**6/15 - w**5/60 + w**4/24 - w**3/6 - 5*w**2/2 + 6*w. Let h(t) be the first derivative of r(t). Calculate h(1).
7
Suppose 8*q + 198 = -58*q. Let t(s) = 4 - 3*s + s - 5. What is t(q)?
5
Let w(f) = -2*f - f**2 - 3*f**3 + 2*f**3 - 4*f**2 + 5. Let i be 2/3 + 2/(-3). Let j(k) = k**3 + k - 4. Let y be j(i). Determine w(y).
-3
Let w(y) be the second derivative of y**4/12 + y**3 + y**2/2 - 4*y. What is w(-3)?
-8
Suppose 0 = -2*m - 0 - 4. Suppose 11 = 5*y - 4. Let z(l) = -3*l + l**y - 5*l**2 + 6*l**2 + 5*l. Determine z(m).
-8
Let a(m) be the first derivative of -m**3/3 - 5*m**2 - 6*m + 8. Give a(-10).
-6
Let g(x) = x**3 - 4*x**2 - 5*x. Suppose 4*v + 4*u - 8 = 0, -5*v + 2 = u + 8. Let y = 0 + v. Let r be (-2)/(-4)*y + 6. Calculate g(r).
0
Suppose 10*i - 9*i - 1 = 0. Let r(d) = -1 - 4*d**2 + 6*d**3 + 2*d**2 - d**3 + 2*d. Calculate r(i).
4
Suppose -12 = 2*g - 5*g. Let b(s) = 5*s - 6. Let c(u) = -14*u + 17. Let d(a) = -11*b(a) - 4*c(a). Calculate d(g).
2
Let l(y) = 1. Let n(w) = -w**3 + 5*w**2 - 3*w - 7. Suppose -4*h = -2*u + 22, 0*u - 5*h - 20 = 5*u. Let s(t) = u*n(t) + 3*l(t). Calculate s(4).
0
Let q(j) = j**3 + 4*j**2 - 3*j - 1. Suppose -4*s = -18 + 6. Suppose -2*w + 3 = w + 3*r, 4*r - 2 = -s*w. Let b be -8 + w + 0 + 2. What is q(b)?
11
Let u(o) = -o**2 + o - 1. Let w(q) = -q**2 + q - 1. Let k(f) = 6*u(f) - 5*w(f). Determine k(0).
-1
Let u(w) = -w**3 - 4*w**2 - 2*w + 1. Let j(f) = -f**3 - 7*f**2 - 6*f - 6. Let a be j(-6). Let d = a - -3. What is u(d)?
-2
